d + 10*l**3 + 4. What is the remainder when 37 is divided by q(-6)?
7
Calculate the remainder when (-6 - -7)*(32*5 + -3) is divided by 32.
29
Suppose -10*l - 28 = -12*l - 4*y, 98 = 5*l - 4*y. Calculate the remainder when 305 is divided by l.
17
Let u be 1*(-3)/9 + 43/3. Suppose u*f = 11*f + 90. Calculate the remainder when f is divided by 16.
14
Let q(o) = o**3 - 8*o**2 - 7*o - 15. Let g be q(9). Suppose g*m - 169 - 59 = 0. What is the remainder when m is divided by 26?
24
Suppose o = c + 16, 4*c - c + 32 = 2*o. Let a(z) = 5*z**3 - 2*z**2 - 1. Let f be 204/84 - 6/14. What is the remainder when a(f) is divided by o?
15
Let l(b) = b**2 + b - 4. Let x be l(-3). Let q(o) = 11*o**x + 5*o**3 + 6 + 2*o - 4*o**3 - 4*o**2. What is the remainder when q(-5) is divided by 24?
22
Suppose 4*c - 73 = -5. What is the remainder when 65 is divided by c?
14
Let y(i) = 38*i**2 + 5*i + 6. Let d be y(-5). Let q be d/4 - 3/4. Suppose 5*c - q = 3*l - 2*l, 106 = 2*c + 4*l. What is the remainder when c is divided by 16?
15
Let h = -205 - -214. What is the remainder when 69 is divided by h?
6
Suppose -5*r - d - 82 = -319, -3*r + d = -147. Calculate the remainder when 1053 is divided by r.
45
Let x(p) = 174*p + 805. Calculate the remainder when 315 is divided by x(-4).
97
Suppose -15*i - 353 = -6023. What is the remainder when i is divided by 96?
90
Suppose 0 = -q - 0*q. Calculate the remainder when q + (56 - 2) - -2 is divided by 1/((-3)/114*-2).
18
Let v be (-152)/(-6) + 2/3. Suppose -2*t = -4*t + v. Calculate the remainder when (2240/25)/(-7)*(-4 + -1) is divided by t.
12
Let p(r) = 70*r**2 - r - 3. Let k be (-3)/((-12)/8) - 3. What is the remainder when p(k) is divided by 23?
22
Let r be (-1)/(-3)*(6 - 3)*24. Let x = 85 - r. What is the remainder when x is divided by 9?
7
Let c(t) = t**3 + 7*t**2 - 4*t + 6. Let r = 49 + -56. What is the remainder when c(r) is divided by 7?
6
Let w = -187 - -267. What is the remainder when w is divided by 43?
37
Let j = 56 + -39. Let x = 33 + j. Calculate the remainder when x is divided by 13.
11
Let k = -60 - -116. What is the remainder when k is divided by (-69)/(-115) + (-92)/(-5)?
18
Let m be (-1)/8 + (-50)/(-16). Suppose -i + 45 = m*t - 4*i, 5*i - 45 = -5*t. Suppose -o = 2, k - 2*o = 4*k - 98. Calculate the remainder when k is divided by t.
10
Let a(b) = b**3 + 4*b**2 - 29*b - 29. Calculate the remainder when 285 is divided by a(-6).
66
Let h(c) = -41 + 19*c**2 + c + 21 - 7*c + 19. What is the remainder when h(3) is divided by 17?
16
Suppose 1301 - 1931 = -6*x. Calculate the remainder when 191 is divided by x.
86
Suppose 65 = 2*p + 3*p. Let l(y) = -40*y - 71. Calculate the remainder when l(-3) is divided by p.
10
Let x(f) = f**3 - 4*f**2 + f - 1. Let z be x(5). Suppose 25*c - z*c + 60 = 0. Calculate the remainder when 58 is divided by c.
13
Suppose -9*n + 0 - 27 = 0. What is the remainder when 51 is divided by (-14)/(-3)*(1 + -3)*n?
23
Let p(l) = -2*l**3 + 33*l**2 + 3*l - 194. Calculate the remainder when p(16) is divided by (-70)/(-3)*6/5.
26
Let k(m) = 3*m - 5*m + m. Let z be k(-4). Suppose -z*s + 6*u - u + 76 = 0, -4*u = -5*s + 95. What is the remainder when 35 is divided by s?
16
Let y = -12721 - -12736. Suppose 0 = -2*q - q, -12 = -2*f + 5*q. Calculate the remainder when y is divided by f.
3
Let o(p) be the first derivative of p**3/3 + p**2 + 4*p - 5. Let k = -22 + 26. What is the remainder when o(-5) is divided by k?
3
Let f(n) = -n - 9. Let r be f(-12). Suppose r*j - 72 = -0*j. Suppose 11 = -o - 3*b + 3, -2*o = -2*b - j. What is the remainder when 27 is divided by o?
6
Suppose 0 = 4*s - 3 - 9. Let k = -226 - -230. Calculate the remainder when k is divided by s.
1
Let q = -753 - -821. Calculate the remainder when 278 is divided by q.
6
Suppose 5 - 9 = -2*j. Suppose -5*h = j*x - x - 14, 3*h - 16 = -x. What is the remainder when x is divided by 6?
1
Let a = 1057 - 922. Calculate the remainder when a is divided by 68.
67
Let g be 0 - (-1 + -6 + -5). Let j(k) = 6*k**2 + k - 2. Let s be j(-2). Calculate the remainder when (27/g)/(1/s) is divided by 24.
21
Suppose -t + 237 = 3*j - 205, 4*j + 5*t = 593. Let k = -66 + j. Let d = 42 - 25. What is the remainder when k is divided by d?
13
Suppose -10*h = -13*h - 5*d + 303, h - 3*d - 115 = 0. Calculate the remainder when 526 is divided by h.
102
Let g(k) = 3*k**2 + 8*k + 8. Let y(x) = -2*x - 7 + 2 + 0*x - 3*x. What is the remainder when g(-5) is divided by y(-4)?
13
Let n be (-10)/(-3) + (-2)/(-3). Suppose -n*y + y + 96 = -5*s, -s - 34 = -y. What is the remainder when 70 is divided by y?
33
Let m(x) = -2*x**2 - 73*x - 232. Calculate the remainder when 221 is divided by m(-32).
53
Suppose 0 = 6*k - 2*k - 272. Suppose -y = -4*o + 68, -15*y - k = -3*o - 10*y. Calculate the remainder when 60 is divided by o.
12
Let g be (-2 + 4/(-8))/((-2)/4). Suppose -816 = h - g*h. What is the remainder when h is divided by 41?
40
Suppose 16 = 5*f - 3*f - 3*o, 2*o = f - 7. Calculate the remainder when 636 is divided by f.
9
Let b be (-32)/3*(2 - 5). What is the remainder when 143 is divided by 9/(172/b + -5)?
23
Let n(i) = 31*i + 4. Let l(m) = 2*m**2 - 7*m - 5. Calculate the remainder when n(3) is divided by l(6).
22
Let i be (-16)/(-56) + (120/21 - 2). What is the remainder when 15 is divided by (-41 + 39)*(-6)/i?
0
Let x be (-3)/12 - 648/(-32). Let k(v) = v**3 - 20*v**2 - v + 33. Calculate the remainder when 101 is divided by k(x).
10
Let x(f) = -5*f - 5*f**2 + 6*f**2 - f**3 + 18 + 6*f**2. What is the remainder when 71 is divided by x(6)?
23
Let y = -24 + 35. Let v = 62 + -58. What is the remainder when y is divided by v?
3
Let t be ((-54)/(-15) - 3) + 102/30. Suppose -5*m + 31 = -3*k, -k - 3*k - 28 = -t*m. What is the remainder when 24 is divided by m?
4
Suppose 6 = 2*q - 3*f + f, 2*f = -3*q + 9. Suppose 0*o + q*o - 57 = 0. Calculate the remainder when 37 is divided by o.
18
Let r = 878 + -473. What is the remainder when r is divided by 6?
3
Let i = 31 + -24. Suppose 0 = 3*a - 4*g - 48, 5*a - 59 = 2*g + i. Calculate the remainder when a is divided by 5.
2
Let d(s) = -s**3 - 13*s**2 - 13*s + 9. Let f be d(-12). Let a = f + -9. Calculate the remainder when 17 is divided by -5*(a/10)/(-1).
5
Suppose 5*x - 9 = -2*s + 17, -5*x = 5*s - 20. Let g(q) = -q - 23. Let d be g(-26). What is the remainder when (d - 0)*-13*(-10)/15 is divided by x?
2
Let f = -28 + 68. Suppose 40 = 5*o - 4*w, -5*o + 10*o - 70 = -2*w. Calculate the remainder when f is divided by o.
4
Suppose 4*u = -5*m + 864 + 1847, -2*u = m - 547. What is the remainder when m is divided by 10?
9
Let g = -16 - -38. Calculate the remainder when ((-1230)/120)/((-1)/8) is divided by g.
16
Let t = 6 - -28. Suppose 3*i = 2*l + t, i = 4*i - 3*l - 33. Calculate the remainder when 47 is divided by i.
11
What is the remainder when 479 is divided by ((-44)/(-110))/(1/200)?
79
Let x = -376 + 397. Calculate the remainder when 586 is divided by x.
19
Suppose 143 = 4*p - 5*t, 0 = -2*p + 4*p + t - 61. Suppose p = a - 55. What is the remainder when a is divided by 30?
27
Suppose 0*g - 3*g = 5*d + 246, 0 = 5*d - 3*g + 234. Let k(x) = x**3 + 5*x**2 - 6. Calculate the remainder when d/(-3) + 2 + -1 is divided by k(-4).
7
Let t(m) = m + 26. Let z(a) = -a**2 - 17*a + 14. Let d be z(-18). Let g(x) = 8*x**2. Calculate the remainder when t(d) is divided by g(1).
6
Let h(z) = z**3 + 4*z**2 + 1. Suppose -2*w = 12 - 4. Let n be h(w). What is the remainder when 6 is divided by ((-6)/(-9)*3)/n?
0
Suppose -3*a = 4*u - 32, 0*u + 3*a = 4*u - 8. Let o(g) = g**3 - 12*g**2 - 14*g + 17. Calculate the remainder when u is divided by o(13).
1
Let f be 50 + 4/(-2) + -2. Suppose -l - 36 = -4*p + 3*l, 4*p = 2*l + f. Let c = p - 1. What is the remainder when 36 is divided by c?
10
Suppose 4*z - l + 106 = 0, -2*z + 4*l - 58 - 2 = 0. Let d = z - -5. What is the remainder when 67 is divided by 348/21 + (-9)/d?
16
Let z = -147 + -581. What is the remainder when 1 - (-17*2 + 1) is divided by (-6)/45 + z/(-60)?
10
Suppose u - 19 - 15 = 0. Suppose i + 164 = 3*j, 9 = 5*i + u. What is the remainder when j is divided by 28?
25
Let k = -13 - -261. Suppose 4*d - k + 68 = 0. Suppose 8*l - 5*l = d. Calculate the remainder when 56 is divided by l.
11
Let h = 324 - 287. What is the remainder when 478 is 